in base 8?
-1240631
Convert -b96a2 (base 14) to base 5.
-103323330
-1001010111010001011 (base 2) to base 10
-306827
-56c13 (base 16) to base 9
-601400
Convert -2211011021102 (base 3) to base 11.
-93426a
-739495 (base 10) to base 14
-1536d1
What is -5521652 (base 9) in base 3?
-12120201201202
Convert 295883 (base 11) to base 8.
1605421
Convert -1000100110011110111010 (base 2) to base 10.
-2254778
2233310223 (base 4) to base 14
14a64b
What is 102708 (base 10) in base 3?
12012220000
What is -61083 (base 10) in base 16?
-ee9b
-210121220122211 (base 3) to base 2
-101011110101111100101110
-14a4a6 (base 14) to base 5
-141013413
What is -7d6c1d (base 14) in base 2?
-10000010101101010001011
Convert 1002116 (base 8) to base 3.
111101002212
What is -15544 (base 9) in base 13?
-4b04
Convert 1012324 (base 6) to base 7.
261265
What is 618161 (base 10) in base 6?
21125505
Convert 6150674 (base 8) to base 13.
44c479
What is -52c501 (base 14) in base 3?
-12021020200120
-17548 (base 11) to base 13
-b286
-36267a0 (base 11) to base 16
-606c6e
What is 127752 (base 8) in base 10?
45034
What is -4b708 (base 12) in base 5?
-11243333
Convert 2314174 (base 8) to base 14.
125268
-1211001012101 (base 3) to base 5
-221342331
What is 20129 (base 12) in base 11?
29323
b29b4 (base 12) to base 13
8207b
What is -1012212110111 (base 3) in base 15?
-cba5a
Convert 4312b (base 12) to base 15.
1b272
Convert -1273 (base 9) to base 8.
-1675
1872128 (base 9) to base 7
11636042
Convert -792eb (base 15) to base 5.
-44313141
Convert -aa9087 (base 14) to base 8.
-26047117
36414173 (base 9) to base 11
a046a03
Convert -ba1314 (base 13) to base 3.
-22020011000110
What is -486730 (base 14) in base 11?
-14416a6
9555a4 (base 15) to base 8
33066166
What is 11554033 (base 8) in base 12?
a2924b
Convert 113231210 (base 4) to base 9.
157205
What is -22121011222 (base 3) in base 7?
-1303322
Convert 230010442 (base 5) to base 6.
33441232
-212495 (base 10) to base 15
-42e65
What is -2103413 (base 6) in base 8?
-307001
What is a70 (base 12) in base 5?
22044
What is -1401363 (base 9) in base 5?
-144044131
Convert -21350350 (base 6) to base 14.
-127d46
-2626266 (base 8) to base 10
-732342
What is -11000110011000110101 (base 2) in base 5?
-202000342
What is -958b (base 14) in base 4?
-12103013
Convert 3011b9 (base 12) to base 14.
156acd
What is -306320 (base 12) in base 13?
-206925
Convert 1001010001001111011010 (base 2) to base 7.
26440204
Convert 532404202 (base 6) to base 9.
18550852
What is 513a (base 14) in base 13?
6486
What is 362a92 (base 11) in base 5?
121344342
-22303203001 (base 4) to base 16
-2b38c1
Convert -40312214 (base 5) to base 15.
-659a9
Convert -45237 (base 12) to base 9.
-150067
-246012 (base 9) to base 8
-442367
Convert 707542 (base 8) to base 4.
320331202
What is 2241434014 (base 5) in base 11?
2926550
355244 (base 8) to base 14
323d2
Convert -2000210200012 (base 3) to base 14.
-20116a
c5ad9 (base 14) to base 12
1abb67
-11001001100100101110 (base 2) to base 14
-176c6a
Convert -1003322023 (base 4) to base 13.
-997b7
-127298 (base 14) to base 10
-634390
Convert -2130320 (base 6) to base 5.
-11330341
bb26c2 (base 15) to base 6
515052202
What is -37a328 (base 14) in base 7?
-22144551
What is 120312313230 (base 4) in base 12?
2222b50
Convert 1002040134 (base 5) to base 3.
10201221112121
Convert b108 (base 14) to base 8.
73264
What is -617217 (base 8) in base 7?
-1511003
What is -5450502 (base 7) in base 8?
-2430115
What is 2031244 (base 6) in base 5?
11110031
What is 77ba5 (base 13) in base 15?
445ba
-3276531 (base 10) to base 9
-6143500
Convert 382825 (base 10) to base 5.
44222300
Convert -9e0a5 (base 15) to base 10.
-503030
Convert 7779d (base 15) to base 11.
23a323
What is 157d61 (base 15) in base 8?
3755445
-533524 (base 7) to base 5
-10430110
Convert 1032010131 (base 4) to base 11.
1a9283
What is 27242131 (base 8) in base 10?
6112345
Convert 523019 (base 10) to base 5.
113214034
Convert -30506325 (base 7) to base 6.
-130445240
What is 11201102210021 (base 3) in base 4?
21210120232
What is -65505263 (base 7) in base 9?
-11507778
What is 200210232131 (base 4) in base 13?
19cc8b0
What is 39860 (base 15) in base 5?
21343030
Convert -26376244 (base 8) to base 13.
-12b6398
What is 10202022021 (base 3) in base 7?
425212
Convert -167f8 (base 16) to base 5.
-10422102
9a77aa (base 16) to base 12
34823a2
Convert -14455313 (base 7) to base 5.
-323001434
What is -131442420 (base 5) in base 6?
-22020545
23072370 (base 8) to base 9
10376322
Convert -212170 (base 11) to base 2.
-1010010111010010011
What is 28660 (base 10) in base 9?
43274
-6528d (base 16) to base 2
-1100101001010001101
Convert -6a030 (base 12) to base 16.
-229a4
What is 31113333 (base 5) in base 7?
2106106
What is 1430452 (base 7) in base 5?
22123223
What is -11000111000010001 (base 2) in base 16?
-18e11
Convert -547fa5 (base 16) to base 2.
-10101000111111110100101
What is 26460425 (base 7) in base 2?
1001010010011100001101
What is 21240010 (base 5) in base 15?
387c0
1424213 (base 7) to base 13
69017
What is -54b4a (base 14) in base 5?
-23032103
-9277b9 (base 14) to base 10
-4937991
43cc80 (base 13) to base 2
110000110011101110111
-26374a4 (base 11) to base 15
-60212b
What is 10100110111110001100 (base 2) in base 12?
28b950
What is -50152224 (base 7) in base 8?
-17644201
What is 686004 (base 9) in base 3?
202220000011
2121343031 (base 5) to base 3
22102122210120
Convert 57a347 (base 11) to base 6.
31430014
-77c5d (base 16) to base 3
-220220221222
What is -122131310 (base 4) in base 10?
-108404
What is 7402936 (base 11) in base 7?
215625334
Convert 211211111 (base 5) to base 15.
126521
-1100223103 (base 4) to base 7
-2544262
Convert -563aaa (base 12) to base 4.
-11033301202
-531b3 (base 16) to base 10
-340403
What is -2402430230 (base 5) in base 3?
-101101011101112
-3885d (base 14) to base 12
-6842b
What is -2013527 (base 9) in base 11?
-672500
724465 (base 9) to base 7
3436646
211121100 (base 3) to base 2
100000001011111
c023 (base 15) to base 4
21321111
Convert -23a68e (base 16) to base 3.
-11101200221021
Convert 15214e4 (base 15) to base 2.
111010010101101100110111
-1234435 (base 6) to base 10
-67127
31610 (base 7) to base 6
100155
15c0611 (base 15) to base 8
74204216
Convert 10100100010000101 (base 2) to base 4.
110202011
What is a080e (base 15) in base 8?
1740240
What is 3112338 (base 9) in base 12?
681745
Convert -42315 (base 9) to base 5.
-1343314
What is 23650184 (base 9) in base 7?
200103142
Convert 4106277 (base 9) to base 2.
1000010110100001101011
Convert 3cb22e (base 16) to base 3.
21111002110222
What is -66532 (base 13) in base 6?
-3550254
What is -1101121101210 (base 3) in base 2?
-10110100101110000010
-10505353 (base 6) to base 11
-1a94a3
Convert -511105 (base 9) to base 14.
-7c3db
What is 1312670 (base 8) in base 9?
617055
What is 212675 (base 8) in base 3?
10121112101
What is -133200221 (base 4) in base 16?
-1f829
-303370 (base 12) to base 2
-10110111101001000100
-2342b (base 12) to base 2
-1011100010100011
1221c0b (base 14) to base 16
848e13
What is -1234313312 (base 5) in base 6?
-145105551
What is -1000131110 (base 4) in base 14?
-6c308
Convert 12120000102 (base 3) to base 9.
176012
1035020 (base 6) to base 4
30212310
-3997 (base 12) to base 6
-50311
What is -12001222022102 (base 3) in base 16?
-292385
Convert -41bba (base 14) to base 5.
-20034403
Convert 103232213 (base 5) to base 7.
3535045
-18aa54 (base 11) to base 8
-1073626
What is 12565540 (base 8) in base 3?
12021220101121
Convert 14342014012 (base 5) to base 3.
1022221010020212
Convert 5632575 (base 8) to base 15.
200a16
2555203 (base 7) to base 9
557001
Convert -190537 (base 11) to base 2.
-1000111101001011001
-1202200012120 (base 3) to base 6
-32040153
What is -87998 (base 10) in base 14?
-240d8
Convert -15182731 (base 9) to base 14.
-1008b88
-20110222102 (base 3) to base 13
-460a3
What is -112303300 (base 4) in base 9?
-152134
Convert 14453a1 (base 11) to base 12.
9b8042
Convert 1562076 (base 11) to base 5.
1140324112
What is 234042020 (base 5) in base 11?
6790a3
Convert 113455103 (base 7) to base 2.
11010110010011011010011
-975510 (base 11) to base 2
-101111100101010110001
What is 221022021200 (base 3) in base 10?
498114
What is 6294011 (base 10) 